s the remainder when 17510475 is divided by 323?
322
What is the remainder when 32383 is divided by 110?
43
What is the remainder when 418005 is divided by 10999?
43
What is the remainder when 5165781 is divided by 224599?
4
What is the remainder when 2589218 is divided by 639?
629
What is the remainder when 183408 is divided by 16339?
3679
Calculate the remainder when 5361870 is divided by 3078.
3072
Calculate the remainder when 4769716 is divided by 14999.
34
What is the remainder when 56461 is divided by 5832?
3973
Calculate the remainder when 400432 is divided by 80066.
102
Calculate the remainder when 294929976 is divided by 4333.
4331
Calculate the remainder when 63400 is divided by 511.
36
Calculate the remainder when 65354705 is divided by 21784897.
14
What is the remainder when 102985977 is divided by 55?
17
Calculate the remainder when 585081 is divided by 41791.
7
Calculate the remainder when 896242 is divided by 3464.
2530
Calculate the remainder when 98641998 is divided by 157.
154
What is the remainder when 865959 is divided by 597?
309
What is the remainder when 1567523 is divided by 46102?
55
What is the remainder when 20006 is divided by 9921?
164
Calculate the remainder when 15599 is divided by 7565.
469
What is the remainder when 525850023 is divided by 434?
433
Calculate the remainder when 43624 is divided by 1699.
1149
What is the remainder when 106393 is divided by 558?
373
Calculate the remainder when 25749865 is divided by 1355256.
1
Calculate the remainder when 38113722 is divided by 162186.
12
Calculate the remainder when 10343 is divided by 2569.
67
What is the remainder when 309548 is divided by 23809?
31
What is the remainder when 2978211 is divided by 215?
31
What is the remainder when 2299641432 is divided by 13?
10
What is the remainder when 544939 is divided by 80?
59
What is the remainder when 1804040 is divided by 173?
169
Calculate the remainder when 85355552 is divided by 52.
48
Calculate the remainder when 3196637 is divided by 805.
787
What is the remainder when 159636 is divided by 53192?
60
Calculate the remainder when 1000392 is divided by 4718.
176
Calculate the remainder when 27183917 is divided by 78.
59
What is the remainder when 3902732 is divided by 57?
56
What is the remainder when 463021 is divided by 42089?
42
What is the remainder when 367328638 is divided by 543?
541
What is the remainder when 38033657 is divided by 459?
458
What is the remainder when 6286546 is divided by 4468?
70
Calculate the remainder when 81156 is divided by 1498.
264
What is the remainder when 121673 is divided by 256?
73
What is the remainder when 48119 is divided by 2347?
1179
Calculate the remainder when 825757 is divided by 410711.
4335
What is the remainder when 36107742 is divided by 156?
138
What is the remainder when 837763 is divided by 105?
73
Calculate the remainder when 4585632 is divided by 253.
7
What is the remainder when 27085 is divided by 3664?
1437
Calculate the remainder when 14992514 is divided by 2942.
82
What is the remainder when 33960 is divided by 2022?
1608
Calculate the remainder when 102571 is divided by 47714.
7143
Calculate the remainder when 1528615 is divided by 32.
7
What is the remainder when 70951 is divided by 17709?
115
What is the remainder when 6618208 is divided by 5?
3
What is the remainder when 1035283423 is divided by 4675?
4673
Calculate the remainder when 1737081 is divided by 1737071.
10
What is the remainder when 419101 is divided by 1416?
1381
Calculate the remainder when 2007240 is divided by 301.
172
Calculate the remainder when 422276111 is divided by 27.
26
Calculate the remainder when 2499782 is divided by 9.
5
Calculate the remainder when 4087620 is divided by 1362535.
15
What is the remainder when 3975066 is divided by 13?
4
Calculate the remainder when 284510 is divided by 20309.
184
What is the remainder when 575238 is divided by 195?
183
Calculate the remainder when 35439 is divided by 5289.
3705
Calculate the remainder when 6525852 is divided by 7259.
11
Calculate the remainder when 527404 is divided by 1043.
689
What is the remainder when 860619342 is divided by 181?
180
What is the remainder when 85259066 is divided by 878?
876
What is the remainder when 24773402 is divided by 8257799?
5
Calculate the remainder when 215541 is divided by 215458.
83
Calculate the remainder when 1488323 is divided by 194.
149
Calculate the remainder when 2587424 is divided by 8984.
32
Calculate the remainder when 8170631 is divided by 355240.
111
Calculate the remainder when 424656 is divided by 85.
81
What is the remainder when 11814389 is divided by 1330?
1329
Calculate the remainder when 360959715 is divided by 3189.
3183
Calculate the remainder when 3180328 is divided by 10.
8
What is the remainder when 980415 is divided by 61246?
479
Calculate the remainder when 50791 is divided by 863.
737
What is the remainder when 5653721 is divided by 2826828?
65
Calculate the remainder when 9867514 is divided by 2.
0
What is the remainder when 653395335 is divided by 573?
570
What is the remainder when 2681919 is divided by 4361?
4265
Calculate the remainder when 6463971 is divided by 32812.
7
Calculate the remainder when 11888157 is divided by 234.
21
Calculate the remainder when 11357683 is divided by 118307.
211
What is the remainder when 1188057 is divided by 859?
60
What is the remainder when 16319884 is divided by 121?
9
Calculate the remainder when 337223 is divided by 337183.
40
Calculate the remainder when 1135705 is divided by 1496.
241
Calculate the remainder when 1085658 is divided by 55.
13
What is the remainder when 186442921 is divided by 79?
77
What is the remainder when 99618664 is divided by 2427?
22
What is the remainder when 88517510 is divided by 101?
100
What is the remainder when 875871 is divided by 60?
51
Calculate the remainder when 48792477 is divided by 1139.
1134
What is the remainder when 4241643 is divided by 92?
75
What is the remainder when 2455200 is divided by 8?
0
Calculate the remainder when 1332661 is divided by 15.
1
Calculate the remainder when 18683382 is divided by 183.
180
What is the remainder when 1084291 is divided by 1084290?
1
Calculate the remainder when 34049 is divided by 10336.
3041
What is the remainder when 20814135 is divided by 6849?
24
What is the remainder when 1986107 is divided by 38193?
71
What is the remainder when 22609441 is divided by 221661?
19
What is the remainder when 49787241 is divided by 1839?
1833
Calculate the remainder when 170494205 is divided by 52.
37
Calculate the remainder when 11327369 is divided by 3775786.
11
Calculate the remainder when 303576 is divided by 33.
9
What is the remainder when 1296468 is divided by 648160?
148
What is the remainder when 11398699 is divided by 19?
10
Calculate the remainder when 130715 is divided by 595.
410
Calculate the remainder when 2055806 is divided by 255.
251
What is the remainder when 3223508 is divided by 4936?
300
Calculate the remainder when 233797 is divided by 612.
13
Calculate the remainder when 4552042 is divided by 7260.
22
What is the remainder when 26070664 is divided by 12?
4
What is the remainder when 52446 is divided by 4464?
3342
What is the remainder when 4583501 is divided by 572929?
69
What is the remainder when 8173556 is divided by 4652?
4644
Calculate the remainder when 27071226 is divided by 2792.
2786
What is the remainder when 3394005 is divided by 377089?
204
What is the remainder when 94030 is divided by 349?
149
What is the remainder when 3274751 is divided by 48?
47
Calculate the remainder when 248700 is divided by 2346.
24
What is the remainder when 3269640 is divided by 95?
25
Calculate the remainder when 631485 is divided by 454.
425
Calculate the remainder when 11083283 is divided by 11083180.
103
What is the remainder when 192262 is divided by 92889?
6484
Calculate the remainder when 112915 is divided by 1752.
787
Calculate the remainder when 2239212 is divided by 24.
12
What is the remainder when 1245881 is divided by 169?
13
What is the remainder when 875263 is divided by 659?
111
What is the remainder when 292218 is divided by 41711?
241
What is the remainder when 383759 is divided by 25581?
44
What is the remainder when 2859